{"id":16,"date":"2018-04-16T22:19:24","date_gmt":"2018-04-16T20:19:24","guid":{"rendered":"https:\/\/www.zav-rt-tue.de\/?page_id=16"},"modified":"2026-03-25T17:47:22","modified_gmt":"2026-03-25T16:47:22","slug":"ueber-uns","status":"publish","type":"page","link":"https:\/\/www.zav-rt-tue.de\/?page_id=16","title":{"rendered":"\u00dcber uns"},"content":{"rendered":"<p>[et_pb_section fb_built=&#8220;1&#8243; admin_label=&#8220;section&#8220; _builder_version=&#8220;4.20.4&#8243; global_colors_info=&#8220;{}&#8220;][et_pb_row admin_label=&#8220;row&#8220; _builder_version=&#8220;4.16&#8243; background_size=&#8220;initial&#8220; background_position=&#8220;top_left&#8220; background_repeat=&#8220;repeat&#8220; global_colors_info=&#8220;{}&#8220;][et_pb_column type=&#8220;4_4&#8243; _builder_version=&#8220;4.16&#8243; custom_padding=&#8220;|||&#8220; global_colors_info=&#8220;{}&#8220; custom_padding__hover=&#8220;|||&#8220;][et_pb_text admin_label=&#8220;Text&#8220; _builder_version=&#8220;4.27.6&#8243; background_size=&#8220;initial&#8220; background_position=&#8220;top_left&#8220; background_repeat=&#8220;repeat&#8220; min_height=&#8220;585.8px&#8220; global_colors_info=&#8220;{}&#8220;]<\/p>\n<h2>Wer sind wir?<\/h2>\n<p>Der Zweckverband Abfallverwertung Reutlingen\/T\u00fcbingen (kurz: ZAV) wurde 1977 gegr\u00fcndet. Mitglieder des Zweckverbands sind die beiden Landkreise Reutlingen und T\u00fcbingen.<\/p>\n<p>Organe des Zweckverbandes sind (nach der <em><u>Zweckverbands-Satzung<\/u><\/em>)<\/p>\n<ul>\n<li>die Verbandsversammlung; sie besteht aus 19 Vertretern des Landkreises Reutlingen, 15 Vertretern des Landkreises T\u00fcbingen und den beiden Landr\u00e4ten. <a href=\"\/?page_id=386\">Hier finden Sie die \u00f6ffentlichen Sitzungen und die entsprechenden Sitzungsvorlagen<\/a>.<\/li>\n<li>der Verwaltungsrat; er besteht aus 10 Vertretern des Landkreises Reutlingen und 8 Vertretern des Landkreises T\u00fcbingen und den beiden Landr\u00e4ten<\/li>\n<li>der Vorsitzende des Zweckverbandes, Herr Landrat Dr. Hendrik Bednarz. Stellvertretender Vorsitzender ist Herr Landrat Dr. Ulrich Fiedler<\/li>\n<li>die Gesch\u00e4ftsleitung; Gesch\u00e4ftsf\u00fchrer ist Herr Julius Regelmann<\/li>\n<\/ul>\n<p>&nbsp;<\/p>\n<h1>Was machen wir?<\/h1>\n<p>Aufgabe des ZAV ist die Verwertung und Entsorgung von Hausm\u00fcll, Problemstoffen aus Haushaltungen und Sperrm\u00fcll. Dazu geh\u00f6rt auch die Entsorgung von Gewerbeabfall der zu beseitigen ist.<\/p>\n<p>Damit Sie selbst Abf\u00e4lle und Wertstoffe abgeben k\u00f6nnen, betreibt der ZAV Wertstoffh\u00f6fe in Du\u00dflingen und in Reutlingen.<\/p>\n<p>F\u00fcr die Ablagerung mineralischer Abf\u00e4lle betreibt der ZAV die Deponie Rahnsbachtal in Du\u00dflingen. Zudem betreut und \u00fcberwacht er 7 stillgelegte Abfalldeponien in den Landkreisen Reutlingen und T\u00fcbingen.<\/p>\n<p>F\u00fcr den Landkreis T\u00fcbingen betreibt der ZAV eine Altpapierumschlagstation, die Verwertung von Bioabf\u00e4llen, die Problemstoffsammlung in den St\u00e4dten und Gemeinden des Landkreises T\u00fcbingen und die Erddeponien Schinderklinge in Kusterdingen und Steinbruch Baresel in Rottenburg.<\/p>\n<p>[\/et_pb_text][et_pb_text _builder_version=&#8220;4.27.6&#8243; _module_preset=&#8220;default&#8220; min_height=&#8220;124px&#8220; hover_enabled=&#8220;0&#8243; global_colors_info=&#8220;{}&#8220; sticky_enabled=&#8220;0&#8243;]<\/p>\n<h3><span style=\"font-size: x-large; color: #000000;\">Wie sind unsere Regeln?<\/span><\/h3>\n<p>Hier finden Sie die:<a href=\"https:\/\/www.zav-rt-tue.de\/wp-content\/uploads\/2021\/01\/Zweckverbandssatzung.pdf\"><\/a><\/p>\n<ul>\n<li><a href=\"https:\/\/www.zav-rt-tue.de\/wp-content\/uploads\/2026\/03\/Abfallwirtschaftssatzung-01.01.2024.pdf\" rel=\"attachment noopener wp-att-3041\" target=\"_blank\">Abfallwirtschaftssatzung des ZAV Reutlingen\/T\u00fcbingen<\/a><\/li>\n<li><a href=\"https:\/\/www.zav-rt-tue.de\/wp-content\/uploads\/2026\/03\/Benutzungsordnung-20240501.pdf\" rel=\"attachment noopener wp-att-3019\" target=\"_blank\">Benutzungsordnung f\u00fcr die Abfallentsorgungsanlagen des ZAV Reutlingen\/T\u00fcbingen <\/a><\/li>\n<li><a href=\"https:\/\/www.zav-rt-tue.de\/wp-content\/uploads\/2024\/11\/Zweckverbandssatzung.pdf\" rel=\"attachment wp-att-3257\">Zweckverbandssatzung<\/a><a href=\"https:\/\/www.zav-rt-tue.de\/wp-content\/uploads\/2024\/05\/Benutzungsordnung-20240501.pdf\" rel=\"attachment wp-att-3019\"><\/a><\/li>\n<\/ul>\n<p>[\/et_pb_text][\/et_pb_column][\/et_pb_row][\/et_pb_section][et_pb_section fb_built=&#8220;1&#8243; _builder_version=&#8220;4.27.0&#8243; _module_preset=&#8220;default&#8220; background_color=&#8220;#FFFFFF&#8220; min_height=&#8220;100px&#8220; height=&#8220;100px&#8220; max_height=&#8220;100px&#8220; custom_padding=&#8220;0px||62px|||&#8220; global_colors_info=&#8220;{}&#8220;][et_pb_row _builder_version=&#8220;4.27.0&#8243; _module_preset=&#8220;default&#8220; global_colors_info=&#8220;{}&#8220;][et_pb_column type=&#8220;4_4&#8243; _builder_version=&#8220;4.27.0&#8243; _module_preset=&#8220;default&#8220; global_colors_info=&#8220;{}&#8220;][et_pb_text _builder_version=&#8220;4.27.4&#8243; _module_preset=&#8220;default&#8220; global_colors_info=&#8220;{}&#8220;]\u00a9 2025 &#8211; alle Rechte beim Zweckverband Abfallverwertung Reutlingen T\u00fcbingen | <a href=\"\/?page_id=3087\"> Datenschutz <\/a> | <a href=\"\/?page_id=36\"> Impressum <\/a> | Erstellt von <a href=\"http:\/\/vertikalo.de\" target=\"_blank\" rel=\"noopener\"> vertikalo.de<\/a>[\/et_pb_text][\/et_pb_column][\/et_pb_row][\/et_pb_section]<\/p>\n","protected":false},"excerpt":{"rendered":"<p>Wer sind wir? Der Zweckverband Abfallverwertung Reutlingen\/T\u00fcbingen (kurz: ZAV) wurde 1977 gegr\u00fcndet. Mitglieder des Zweckverbands sind die beiden Landkreise Reutlingen und T\u00fcbingen. Organe des Zweckverbandes sind (nach der Zweckverbands-Satzung) die Verbandsversammlung; sie besteht aus 19 Vertretern des Landkreises Reutlingen, 15 Vertretern des Landkreises T\u00fcbingen und den beiden Landr\u00e4ten. Hier finden Sie die \u00f6ffentlichen Sitzungen und [&hellip;]<\/p>\n","protected":false},"author":3,"featured_media":0,"parent":0,"menu_order":0,"comment_status":"closed","ping_status":"closed","template":"","meta":{"_et_pb_use_builder":"on","_et_pb_old_content":"[vc_row el_id=\"wer\"][vc_column][ultimate_spacer height=\"20\"][vc_column_text]\r\n<div class=\"csc-header csc-header-n1\">\r\n<h2 class=\"csc-firstHeader\">Wer sind wir?<\/h2>\r\n<\/div>\r\n<p class=\"bodytext\"><b>Gesetzlicher Auftrag<\/b><\/p>\r\n<p class=\"bodytext\">Im Jahr 1977 haben die Landkreise Reutlingen und T\u00fcbingen den Zweckverband Abfallverwertung Reutlingen\/T\u00fcbingen (kurz: ZAV) gegr\u00fcndet.<\/p>\r\n<p class=\"bodytext\">Das \"Gesetz zur F\u00f6rderung der Kreislaufwirtschaft und Sicherung der umweltvertr\u00e4glichen Beseitigung von Abf\u00e4llen\" (Kreislaufwirtschaftsgesetz-KrWG) verpflichtet die \u00f6ffentlich-rechtlichen Entsorgungstr\u00e4ger dazu, die in ihrem Gebiet angefallenen und \u00fcberlassenen <i>Abf\u00e4lle aus privaten Haushaltungen<\/i> und <i>Abf\u00e4lle zu Beseitigung aus anderen Herkunftsbereichen<\/i> zu verwerten oder zu beseitigen. Diese Aufgabe nimmt der ZAV wahr.<\/p>\r\n<p class=\"bodytext\"><b>Individuelle Regelungen f\u00fcr St\u00e4dte und Gemeinden<\/b><\/p>\r\n<p class=\"bodytext\">Aus unterschiedlichen Gr\u00fcnden haben sich einzelne St\u00e4dte und Gemeinden der beiden Landkreise ausbedungen, die Entsorgung bestimmter Abfallarten, sofern diese in ihrem Gemeindegebiet anfallen, selbst zu regeln. Dies betrifft vor allem Garten- und Parkabf\u00e4lle, Bauschutt, Bodenaushub und Stra\u00dfenaufbruch. F\u00fcr die Entsorgung und Verwertung dieser Abf\u00e4lle haben die betreffenden St\u00e4dte und Gemeinden entsprechende eigene Satzungen erlassen. Dies hat zur Folge, dass in Einzelf\u00e4llen zun\u00e4chst die Herkunft des Abfalls, dann seine genaue Beschaffenheit und danach die Zust\u00e4ndigkeit zu kl\u00e4ren ist. Bei Fragen zur Abfallentsorgung kann bzw. muss unter Umst\u00e4nden zuerst die Gemeinde, in der der Abfall angefallen ist, befragt werden. Wenn diese nicht zust\u00e4ndig ist, kommen als n\u00e4chste Ansprechpartner die Abfallberatungen der Landkreise in Frage. Je nach Sachlage verweisen diese an die Abfallberatung des ZAV.<\/p>\r\n<p class=\"bodytext\">Vereinfacht kann festgestellt werden, dass der ZAV f\u00fcr die Entsorgung und Verwertung nahezu aller Abf\u00e4lle aus Haushalten zust\u00e4ndig ist, sofern die Stadt oder Gemeinde keine eigene Zust\u00e4ndigkeit eingefordert hat. F\u00fcr die Beratung der Haushalte sind die jeweiligen Beratungsstellen der Landkreise (Landkreis Reutlingen: Abfallwirtschaftsamt, Landkreis T\u00fcbingen: Abfallwirtschaftsbetrieb) zust\u00e4ndig.<\/p>\r\n<p class=\"bodytext\"><b>Regelungen f\u00fcr gewerbliche Abf\u00e4lle<\/b><\/p>\r\n<p class=\"bodytext\">Bei gewerblichen Abf\u00e4llen ist die Situation folgenderma\u00dfen:<\/p>\r\n<p class=\"bodytext\">Gem\u00e4\u00df Gewerbeabfallverordnung m\u00fcssen gewerbliche Siedlungsabf\u00e4lle (Glas, Holz, Kunststoffe, Metall, Papier, K\u00fcchen- und Kantinenabf\u00e4lle etc.) getrennt gehalten, gelagert, eingesammelt, bef\u00f6rdert und einer Verwertung zugef\u00fchrt werden. Da der ZAV keine Verwertungsanlagen betreibt, kann und darf er grunds\u00e4tzlich keine gewerblichen Siedlungsabf\u00e4lle zur Verwertung annehmen. Die gewerblichen Abfallerzeuger in den Landkreisen Reutlingen und T\u00fcbingen sind also verpflichtet, f\u00fcr die Verwertung nach privatwirtschaftlichen Alternativen zu suchen.<\/p>\r\n<p class=\"bodytext\">Gewerbliche Abf\u00e4lle kann und darf der ZAV nur dann annehmen, wenn diese entweder beseitigt werden m\u00fcssen oder wenn der Abfallerzeuger glaubhaft versichern kann, dass f\u00fcr den Abfall aufgrund der Art oder Menge keine privatwirtschaftlichen Verwertungswege zur Verf\u00fcgung stehen.<\/p>\r\n<p class=\"bodytext\">F\u00fcr bestimmte Abfallarten (wie Verpackungen, Elektro- und Elektronikger\u00e4te, Batterien etc.) bestehen gesetzliche R\u00fccknahmepflichten. Solche Abf\u00e4lle k\u00f6nnen von gewerblichen Unternehmen grunds\u00e4tzlich nicht \u00fcber die Einrichtung des ZAV zur\u00fcckgegeben werden. (Ausnahme: Elektro- und Elektronikger\u00e4te, sofern die in Art <u>und<\/u> Menge (!) mit den in Haushalten \u00fcblicherweise anfallenden Ger\u00e4ten vergleichbar sind).<\/p>\r\n<p class=\"bodytext\">Der ZAV wurde mit dem Ziel gegr\u00fcndet, Entsorgungsaufgaben zu \u00fcbernehmen, zu denen nach Landesrecht die Landkreise verpflichtet sind. Der ZAV ist nicht f\u00fcr die Entsorgung von gewerblichen Abf\u00e4llen zust\u00e4ndig, die aufgrund ihrer Art und Menge eine besondere Gefahr f\u00fcr Mensch und Umwelt bergen. Solche Abf\u00e4lle (z.B. toxische, explosive oder radioaktive Stoffe) sind gem\u00e4\u00df ZAV-Satzung definiert und von der Entsorgung ausgeschlossen.<\/p>\r\n[\/vc_column_text][\/vc_column][\/vc_row][vc_row el_id=\"wo\"][vc_column][vc_column_text]\r\n<div class=\"csc-header csc-header-n1\">\r\n<h2 class=\"csc-firstHeader\">Wo finden Sie uns?<\/h2>\r\n<\/div>\r\n<p class=\"bodytext\"><b>Zweckverband Abfallverwertung Reutlingen\/T\u00fcbingen<\/b>\r\nIm Steinig 61\r\n72144 Du\u00dflingen<\/p>\r\n<p class=\"bodytext\">Tel.: 07072\/918850\r\nFax: 07072\/918866<\/p>\r\n\r\n<div id=\"c460\" class=\"csc-default\">\r\n<p class=\"bodytext\"><b>Zweckverband Abfallverwertung Reutlingen\/T\u00fcbingen<\/b>\r\nIm Steinig 61\r\n72144 Du\u00dflingen<\/p>\r\n<p class=\"bodytext\">Tel.: 07072\/918850\r\nFax: 07072\/918866<\/p>\r\n\r\n<\/div>\r\n<div id=\"c531\" class=\"csc-default\"><iframe src=\"https:\/\/maps.google.de\/maps?f=q&amp;source=s_q&amp;hl=de&amp;geocode=&amp;q=Im+Steinig+61,+Du%C3%9Flingen&amp;sll=48.661847,9.003665&amp;sspn=4.688063,10.579834&amp;ie=UTF8&amp;view=map&amp;cid=15139819679851295112&amp;hq=Im+Steinig+61,+Du%C3%9Flingen&amp;hnear=&amp;t=m&amp;ll=48.467003,9.058228&amp;spn=0.079674,0.145912&amp;z=12&amp;iwloc=A&amp;output=embed\" width=\"425\" height=\"350\" frameborder=\"0\" marginwidth=\"0\" marginheight=\"0\" scrolling=\"no\" data-mce-fragment=\"1\"><\/iframe>\r\n<small><a href=\"https:\/\/maps.google.de\/maps?f=q&amp;source=embed&amp;hl=de&amp;geocode=&amp;q=Im+Steinig+61,+Du%C3%9Flingen&amp;sll=48.661847,9.003665&amp;sspn=4.688063,10.579834&amp;ie=UTF8&amp;view=map&amp;cid=15139819679851295112&amp;hq=Im+Steinig+61,+Du%C3%9Flingen&amp;hnear=&amp;t=m&amp;ll=48.467003,9.058228&amp;spn=0.079674,0.145912&amp;z=12&amp;iwloc=A\">Gr\u00f6\u00dfere Kartenansicht<\/a><\/small><\/div>\r\n<div id=\"c461\" class=\"csc-default\">\r\n<div class=\"csc-header csc-header-n3\">\r\n<h4>Telefonverzeichnis:<\/h4>\r\n<\/div>\r\n<table class=\"contenttable contenttable-0 col_first_column_normal\">\r\n<thead>\r\n<tr class=\"tr-even tr-0\">\r\n<th id=\"col461-0\" class=\"td-0\" scope=\"col\">Herr Leichtle<\/th>\r\n<th id=\"col461-1\" class=\"td-1\" scope=\"col\">Gesch\u00e4ftsf\u00fchrer<\/th>\r\n<th id=\"col461-2\" class=\"td-2\" scope=\"col\">07072\/9188-53<\/th>\r\n<th id=\"col461-3\" class=\"td-last td-3\" scope=\"col\">leichtle@zav-rt-tue.de<\/th>\r\n<\/tr>\r\n<\/thead>\r\n<tbody>\r\n<tr class=\"tr-odd tr-1\">\r\n<td class=\"td-0\" headers=\"col461-0\">Frau Frank<\/td>\r\n<td class=\"td-1\" headers=\"col461-1\">Stellvertretende Gesch\u00e4ftsf\u00fchrerin<\/td>\r\n<td class=\"td-2\" headers=\"col461-2\">07072\/9188-54<\/td>\r\n<td class=\"td-last td-3\" headers=\"col461-3\">frank@zav-rt-tue.de<\/td>\r\n<\/tr>\r\n<tr class=\"tr-even tr-2\">\r\n<td class=\"td-0\" headers=\"col461-0\">Frau Walz<\/td>\r\n<td class=\"td-1\" headers=\"col461-1\">Sekretariat<\/td>\r\n<td class=\"td-2\" headers=\"col461-2\">07072\/9188-50<\/td>\r\n<td class=\"td-last td-3\" headers=\"col461-3\">walz@zav-rt-tue.de<\/td>\r\n<\/tr>\r\n<tr class=\"tr-odd tr-3\">\r\n<td class=\"td-0\" headers=\"col461-0\">Herr Kranigk<\/td>\r\n<td class=\"td-1\" headers=\"col461-1\">Betriebsleitung Deponien<\/td>\r\n<td class=\"td-2\" headers=\"col461-2\">07072\/9188-51<\/td>\r\n<td class=\"td-last td-3\" headers=\"col461-3\">kranigk@zav-rt-tue.de<\/td>\r\n<\/tr>\r\n<tr class=\"tr-even tr-4\">\r\n<td class=\"td-0\" headers=\"col461-0\">Herr Dr. Barthelmess<\/td>\r\n<td class=\"td-1\" headers=\"col461-1\">Erddeponien\/ Gewerbeabfallberatung<\/td>\r\n<td class=\"td-2\" headers=\"col461-2\">07072\/9188-65<\/td>\r\n<td class=\"td-last td-3\" headers=\"col461-3\">barthelmess@zav-rt-tue.de<\/td>\r\n<\/tr>\r\n<tr class=\"tr-odd tr-5\">\r\n<td class=\"td-0\" headers=\"col461-0\">Frau B\u00e4uerle<\/td>\r\n<td class=\"td-1\" headers=\"col461-1\">Problemstoffsammlung<\/td>\r\n<td class=\"td-2\" headers=\"col461-2\">07072\/9188-64<\/td>\r\n<td class=\"td-last td-3\" headers=\"col461-3\">baeuerle@zav-rt-tue.de<\/td>\r\n<\/tr>\r\n<tr class=\"tr-even tr-6\">\r\n<td class=\"td-0\" headers=\"col461-0\">Herr Bauer<\/td>\r\n<td class=\"td-1\" headers=\"col461-1\">Erddeponien Landkreis T\u00fcbingen<\/td>\r\n<td class=\"td-2\" headers=\"col461-2\">07072\/9188-63<\/td>\r\n<td class=\"td-last td-3\" headers=\"col461-3\">bauer@zav-rt-tue.de<\/td>\r\n<\/tr>\r\n<tr class=\"tr-odd tr-7\">\r\n<td class=\"td-0\" headers=\"col461-0\">Herr Hai\u00df<\/td>\r\n<td class=\"td-1\" headers=\"col461-1\">Abfalldeponien<\/td>\r\n<td class=\"td-2\" headers=\"col461-2\">07072\/9188-62<\/td>\r\n<td class=\"td-last td-3\" headers=\"col461-3\">haiss@zav-rt-tue.de<\/td>\r\n<\/tr>\r\n<tr class=\"tr-even tr-8\">\r\n<td class=\"td-0\" headers=\"col461-0\">Herr Sch\u00e4fer<\/td>\r\n<td class=\"td-1\" headers=\"col461-1\">Deponieentgasung<\/td>\r\n<td class=\"td-2\" headers=\"col461-2\">07072\/9188-67<\/td>\r\n<td class=\"td-last td-3\" headers=\"col461-3\">schaefer@zav-rt-tue.de<\/td>\r\n<\/tr>\r\n<tr class=\"tr-odd tr-9\">\r\n<td class=\"td-0\" headers=\"col461-0\">Herr Scherrmann<\/td>\r\n<td class=\"td-1\" headers=\"col461-1\">Maschinenmeister<\/td>\r\n<td class=\"td-2\" headers=\"col461-2\">07072\/9188-70<\/td>\r\n<td class=\"td-last td-3\" headers=\"col461-3\">scherrmann@zav-rt-tue.de<\/td>\r\n<\/tr>\r\n<tr class=\"tr-even tr-10\">\r\n<td class=\"td-0\" headers=\"col461-0\">Herr Jobst<\/td>\r\n<td class=\"td-1\" headers=\"col461-1\">Elektromeister<\/td>\r\n<td class=\"td-2\" headers=\"col461-2\">07072\/9188-10<\/td>\r\n<td class=\"td-last td-3\" headers=\"col461-3\">jobst@zav-rt-tue.de<\/td>\r\n<\/tr>\r\n<tr class=\"tr-odd tr-11\">\r\n<td class=\"td-0\" headers=\"col461-0\">Frau Rakautz<\/td>\r\n<td class=\"td-1\" headers=\"col461-1\">Fakturierung, Geb\u00fchrenmarken<\/td>\r\n<td class=\"td-2\" headers=\"col461-2\">07072\/9188-47<\/td>\r\n<td class=\"td-last td-3\" headers=\"col461-3\">rakautz@zav-rt-tue.de<\/td>\r\n<\/tr>\r\n<tr class=\"tr-even tr-12\">\r\n<td class=\"td-0\" headers=\"col461-0\">Frau Eberhart<\/td>\r\n<td class=\"td-1\" headers=\"col461-1\">Finanzbuchhaltung, Verbandskasse<\/td>\r\n<td class=\"td-2\" headers=\"col461-2\">07072\/9188-56<\/td>\r\n<td class=\"td-last td-3\" headers=\"col461-3\">eberhart@zav-rt-tue.de<\/td>\r\n<\/tr>\r\n<tr class=\"tr-odd tr-13\">\r\n<td class=\"td-0\" headers=\"col461-0\">Frau Hechler<\/td>\r\n<td class=\"td-1\" headers=\"col461-1\">Finanzbuchhaltung<\/td>\r\n<td class=\"td-2\" headers=\"col461-2\">07072\/9188-52<\/td>\r\n<td class=\"td-last td-3\" headers=\"col461-3\">hechler@zav-rt-tue.de<\/td>\r\n<\/tr>\r\n<tr class=\"tr-even tr-last\">\r\n<td class=\"td-0\" headers=\"col461-0\">Wiegehaus<\/td>\r\n<td class=\"td-1\" headers=\"col461-1\">Eingangsverwiegung<\/td>\r\n<td class=\"td-2\" headers=\"col461-2\">07072\/9188-57<\/td>\r\n<\/tr>\r\n<\/tbody>\r\n<\/table>\r\n<\/div>\r\n[\/vc_column_text][\/vc_column][\/vc_row]","_et_gb_content_width":"","footnotes":""},"class_list":["post-16","page","type-page","status-publish","hentry"],"_links":{"self":[{"href":"https:\/\/www.zav-rt-tue.de\/index.php?rest_route=\/wp\/v2\/pages\/16","targetHints":{"allow":["GET"]}}],"collection":[{"href":"https:\/\/www.zav-rt-tue.de\/index.php?rest_route=\/wp\/v2\/pages"}],"about":[{"href":"https:\/\/www.zav-rt-tue.de\/index.php?rest_route=\/wp\/v2\/types\/page"}],"author":[{"embeddable":true,"href":"https:\/\/www.zav-rt-tue.de\/index.php?rest_route=\/wp\/v2\/users\/3"}],"replies":[{"embeddable":true,"href":"https:\/\/www.zav-rt-tue.de\/index.php?rest_route=%2Fwp%2Fv2%2Fcomments&post=16"}],"version-history":[{"count":42,"href":"https:\/\/www.zav-rt-tue.de\/index.php?rest_route=\/wp\/v2\/pages\/16\/revisions"}],"predecessor-version":[{"id":3901,"href":"https:\/\/www.zav-rt-tue.de\/index.php?rest_route=\/wp\/v2\/pages\/16\/revisions\/3901"}],"wp:attachment":[{"href":"https:\/\/www.zav-rt-tue.de\/index.php?rest_route=%2Fwp%2Fv2%2Fmedia&parent=16"}],"curies":[{"name":"wp","href":"https:\/\/api.w.org\/{rel}","templated":true}]}}