{"id":36,"date":"2018-04-17T21:04:08","date_gmt":"2018-04-17T19:04:08","guid":{"rendered":"https:\/\/www.zav-rt-tue.de\/?page_id=36"},"modified":"2024-08-14T15:52:48","modified_gmt":"2024-08-14T13:52:48","slug":"impressum","status":"publish","type":"page","link":"https:\/\/www.zav-rt-tue.de\/?page_id=36","title":{"rendered":"Impressum"},"content":{"rendered":"<p>[et_pb_section fb_built=&#8220;1&#8243; admin_label=&#8220;section&#8220; _builder_version=&#8220;4.16&#8243; global_colors_info=&#8220;{}&#8220;][et_pb_row admin_label=&#8220;row&#8220; _builder_version=&#8220;4.16&#8243; background_size=&#8220;initial&#8220; background_position=&#8220;top_left&#8220; background_repeat=&#8220;repeat&#8220; global_colors_info=&#8220;{}&#8220;][et_pb_column type=&#8220;4_4&#8243; _builder_version=&#8220;4.16&#8243; custom_padding=&#8220;|||&#8220; global_colors_info=&#8220;{}&#8220; custom_padding__hover=&#8220;|||&#8220;][et_pb_text admin_label=&#8220;Text&#8220; _builder_version=&#8220;4.27.0&#8243; background_size=&#8220;initial&#8220; background_position=&#8220;top_left&#8220; background_repeat=&#8220;repeat&#8220; hover_enabled=&#8220;0&#8243; global_colors_info=&#8220;{}&#8220; sticky_enabled=&#8220;0&#8243;]<\/p>\n<div id=\"c484\" class=\"csc-default\">\n<p class=\"bodytext\"><b>ZAV<\/b><br \/>Zweckverband Abfallwirtschaft Reutlingen \/ T\u00fcbingen<\/p>\n<p class=\"bodytext\"><b>Hausanschrift<\/b><br \/>Im Steinig 61<br \/>72144 Du\u00dflingen<br \/>Tel.: 07072\/9188 -50<br \/>Fax: 07072\/9188 -63<br \/>e-mail: info@zav-rt-tue.de<\/p>\n<p class=\"bodytext\">Gesch\u00e4ftsf\u00fchrer: Herr Regelmann<br \/>Stellvertreterin: Frau Frank<br \/>Aufsichtsbeh\u00f6rde: Regierungspr\u00e4sidium T\u00fcbingen<\/p>\n<p class=\"bodytext\">\n<p class=\"bodytext\">Technische Umsetzung: <a href=\"http:\/\/digitalschneiderei.de\">Digitalschneiderei.de | Felix Kunze<\/a><\/p>\n<p class=\"bodytext\">\n<p class=\"bodytext\">\n<\/div>\n<div id=\"c485\" class=\"csc-default\">\n<div class=\"csc-header csc-header-n2\">\n<h1>Haftung<\/h1>\n<\/div>\n<p class=\"bodytext\"><b>Haftung f\u00fcr Inhalte<\/b><\/p>\n<p class=\"bodytext\">Die Inhalte unserer Seiten wurden mit gr\u00f6\u00dfter Sorgfalt erstellt. F\u00fcr die Richtigkeit, Vollst\u00e4ndigkeit und Aktualit\u00e4t der Inhalte k\u00f6nnen wir jedoch keine Gew\u00e4hr \u00fcbernehmen. Als Diensteanbieter sind wir gem\u00e4\u00df \u00a7 7 Abs.1 TMG f\u00fcr eigene Inhalte auf diesen Seiten nach den allgemeinen Gesetzen verantwortlich. Nach \u00a7\u00a7 8 bis 10 TMG sind wir als Diensteanbieter jedoch nicht verpflichtet, \u00fcbermittelte oder gespeicherte fremde Informationen zu \u00fcberwachen oder nach Umst\u00e4nden zu forschen, die auf eine rechtswidrige T\u00e4tigkeit hinweisen. Verpflichtungen zur Entfernung oder Sperrung der Nutzung von Informationen nach den allgemeinen Gesetzen bleiben hiervon unber\u00fchrt. Eine diesbez\u00fcgliche Haftung ist jedoch erst ab dem Zeitpunkt der Kenntnis einer konkreten Rechtsverletzung m\u00f6glich. Bei Bekanntwerden von entsprechenden Rechtsverletzungen werden wir diese Inhalte umgehend entfernen.<\/p>\n<p class=\"bodytext\"><b>Haftung f\u00fcr Links<\/b><\/p>\n<p class=\"bodytext\">Unser Angebot enth\u00e4lt Links zu externen Webseiten Dritter, auf deren Inhalte wir keinen Einfluss haben. Deshalb k\u00f6nnen wir f\u00fcr diese fremden Inhalte auch keine Gew\u00e4hr \u00fcbernehmen. F\u00fcr die Inhalte der verlinkten Seiten ist stets der jeweilige Anbieter oder Betreiber der Seiten verantwortlich. Die verlinkten Seiten wurden zum Zeitpunkt der Verlinkung auf m\u00f6gliche Rechtsverst\u00f6\u00dfe \u00fcberpr\u00fcft. Rechtswidrige Inhalte waren zum Zeitpunkt der Verlinkung nicht erkennbar. Eine permanente inhaltliche Kontrolle der verlinkten Seiten ist jedoch ohne konkrete Anhaltspunkte einer Rechtsverletzung nicht zumutbar. Bei Bekanntwerden von Rechtsverletzungen werden wir derartige Links umgehend entfernen.<\/p>\n<p class=\"bodytext\"><b>Urheberrecht<\/b><br \/>Die erstellten Inhalte und Werke auf diesen Seiten unterliegen dem deutschen Urheberrecht. Die Vervielf\u00e4ltigung, Bearbeitung, Verbreitung und jede Art der Verwertung au\u00dferhalb der Grenzen des Urheberrechtes bed\u00fcrfen der schriftlichen Zustimmung des ZAW. Downloads und Kopien dieser Seite sind nur f\u00fcr den privaten, nicht kommerziellen Gebrauch gestattet.<\/p>\n<p class=\"bodytext\">Sollten Sie trotzdem auf eine Urheberrechtsverletzung aufmerksam werden, bitten wir um einen entsprechenden Hinweis. Bei Bekanntwerden von Rechtsverletzungen werden wir derartige Inhalte umgehend entfernen.<\/p>\n<p class=\"bodytext\"><b>Hinweise zu Downloads<\/b><br \/>Unsere angebotenen Dateien zum Download wurden auf Viren \u00fcberpr\u00fcft und getestet. Trotzdem \u00fcbernehmen wir keine Haftung f\u00fcr Sch\u00e4den, die durch diese Dateien evtl. an Ihrem System bspw. durch Manipulation entstehen. Sollten Sie im Zweifel sein, Bedenken haben oder Manipulationen feststellen, f\u00fchren Sie den Download nicht aus und benachrichtigen Sie uns umgehend.<\/p>\n<p class=\"bodytext\"><b>Besondere Nutzungsbedingungen<\/b><br \/>Soweit besondere Bedingungen f\u00fcr einzelne Nutzungen dieser Website von den vorgenannten Punkten abweichen, wird an entsprechender Stelle ausdr\u00fccklich darauf hingewiesen. In diesem Falle gelten im jeweiligen Einzelfall die besonderen Nutzungsbedingungen.<\/p>\n<\/div>\n<p>[\/et_pb_text][\/et_pb_column][\/et_pb_row][\/et_pb_section]<\/p>\n","protected":false},"excerpt":{"rendered":"<p>ZAVZweckverband Abfallwirtschaft Reutlingen \/ T\u00fcbingen HausanschriftIm Steinig 6172144 Du\u00dflingenTel.: 07072\/9188 -50Fax: 07072\/9188 -63e-mail: info@zav-rt-tue.de Gesch\u00e4ftsf\u00fchrer: Herr RegelmannStellvertreterin: Frau FrankAufsichtsbeh\u00f6rde: Regierungspr\u00e4sidium T\u00fcbingen Technische Umsetzung: Digitalschneiderei.de | Felix Kunze Haftung Haftung f\u00fcr Inhalte Die Inhalte unserer Seiten wurden mit gr\u00f6\u00dfter Sorgfalt erstellt. F\u00fcr die Richtigkeit, Vollst\u00e4ndigkeit und Aktualit\u00e4t der Inhalte k\u00f6nnen wir jedoch keine Gew\u00e4hr \u00fcbernehmen. Als [&hellip;]<\/p>\n","protected":false},"author":3,"featured_media":0,"parent":0,"menu_order":0,"comment_status":"closed","ping_status":"closed","template":"","meta":{"_et_pb_use_builder":"on","_et_pb_old_content":"ZAV\r\nZweckverband Abfallwirtschaft Reutlingen \/ T\u00fcbingen\r\n\r\nHausanschrift\r\nIm Steinig 61\r\n72144 Du\u00dflingen\r\nTel.: 07072\/9188 -50\r\nFax: 07072\/9188 -63\r\ne-mail: info@zav-rt-tue.de\r\n\r\nGesch\u00e4ftsf\u00fchrer: Herr Leichtle\r\nStellvertreterin: Frau Frank\r\nAufsichtsbeh\u00f6rde: Regierungspr\u00e4sidium T\u00fcbingen\r\n\r\nTechnische Umsetzung: <a href=\"http:\/\/www.onlightproductions.com\">Onlightproductions<\/a>\r\n\r\nHaftung\r\nHaftung f\u00fcr Inhalte\r\n\r\nDie Inhalte unserer Seiten wurden mit gr\u00f6\u00dfter Sorgfalt erstellt. F\u00fcr die Richtigkeit, Vollst\u00e4ndigkeit und Aktualit\u00e4t der Inhalte k\u00f6nnen wir jedoch keine Gew\u00e4hr \u00fcbernehmen. Als Diensteanbieter sind wir gem\u00e4\u00df \u00a7 7 Abs.1 TMG f\u00fcr eigene Inhalte auf diesen Seiten nach den allgemeinen Gesetzen verantwortlich. Nach \u00a7\u00a7 8 bis 10 TMG sind wir als Diensteanbieter jedoch nicht verpflichtet, \u00fcbermittelte oder gespeicherte fremde Informationen zu \u00fcberwachen oder nach Umst\u00e4nden zu forschen, die auf eine rechtswidrige T\u00e4tigkeit hinweisen. Verpflichtungen zur Entfernung oder Sperrung der Nutzung von Informationen nach den allgemeinen Gesetzen bleiben hiervon unber\u00fchrt. Eine diesbez\u00fcgliche Haftung ist jedoch erst ab dem Zeitpunkt der Kenntnis einer konkreten Rechtsverletzung m\u00f6glich. Bei Bekanntwerden von entsprechenden Rechtsverletzungen werden wir diese Inhalte umgehend entfernen.\r\n\r\nHaftung f\u00fcr Links\r\n\r\nUnser Angebot enth\u00e4lt Links zu externen Webseiten Dritter, auf deren Inhalte wir keinen Einfluss haben. Deshalb k\u00f6nnen wir f\u00fcr diese fremden Inhalte auch keine Gew\u00e4hr \u00fcbernehmen. F\u00fcr die Inhalte der verlinkten Seiten ist stets der jeweilige Anbieter oder Betreiber der Seiten verantwortlich. Die verlinkten Seiten wurden zum Zeitpunkt der Verlinkung auf m\u00f6gliche Rechtsverst\u00f6\u00dfe \u00fcberpr\u00fcft. Rechtswidrige Inhalte waren zum Zeitpunkt der Verlinkung nicht erkennbar. Eine permanente inhaltliche Kontrolle der verlinkten Seiten ist jedoch ohne konkrete Anhaltspunkte einer Rechtsverletzung nicht zumutbar. Bei Bekanntwerden von Rechtsverletzungen werden wir derartige Links umgehend entfernen.\r\n\r\nUrheberrecht\r\nDie erstellten Inhalte und Werke auf diesen Seiten unterliegen dem deutschen Urheberrecht. Die Vervielf\u00e4ltigung, Bearbeitung, Verbreitung und jede Art der Verwertung au\u00dferhalb der Grenzen des Urheberrechtes bed\u00fcrfen der schriftlichen Zustimmung des ZAW. Downloads und Kopien dieser Seite sind nur f\u00fcr den privaten, nicht kommerziellen Gebrauch gestattet.\r\n\r\nSollten Sie trotzdem auf eine Urheberrechtsverletzung aufmerksam werden, bitten wir um einen entsprechenden Hinweis. Bei Bekanntwerden von Rechtsverletzungen werden wir derartige Inhalte umgehend entfernen.\r\n\r\nDatenschutz\r\nDurch den Besuch der Webseiten k\u00f6nnen Informationen \u00fcber den Zugriff (Datum, Uhrzeit, betrachtete Seite) gespeichert werden. Diese Daten geh\u00f6ren nicht zu den personenbezogenen Daten, sondern sind anonymisiert. Sie werden ausschlie\u00dflich zu statistischen Zwecken ausgewertet. Eine Weitergabe an Dritte, zu kommerziellen oder nichtkommerziellen Zwecken, findet nicht statt.\r\n\r\nWir weisen ausdr\u00fccklich darauf hin, dass die Daten\u00fcbertragung im Internet (z.B. bei der Kommunikation per E-Mail und Onlineformulare) Sicherheitsl\u00fccken aufweisen und nicht l\u00fcckenlos vor dem Zugriff durch Dritte gesch\u00fctzt werden kann.\r\n\r\nDie Online-Formulare unsere Webseiten werden per E-mail ohne zus\u00e4tzliche Verschl\u00fcsselungstechniken an den ZAW \u00fcbermittelt. Bitte beachten Sie, dass es m\u00f6glich ist, illegal die Daten einsehen zu k\u00f6nnen. Deshalb sollten Sie sicherheitshalber keine Kennw\u00f6rter oder andere sensible Informationen versenden.\r\n\r\nDie Verwendung der Kontaktdaten des Impressums zur gewerblichen Werbung ist ausdr\u00fccklich nicht erw\u00fcnscht, es sei denn der Anbieter hatte zuvor seine schriftliche Einwilligung erteilt oder es besteht bereits eine Gesch\u00e4ftsbeziehung. Der Anbieter und alle auf dieser Website genannten Personen widersprechen hiermit jeder kommerziellen Verwendung und Weitergabe ihrer Daten.\r\n\r\nHinweise zu Downloads\r\nUnsere angebotenen Dateien zum Download wurden auf Viren \u00fcberpr\u00fcft und getestet. Trotzdem \u00fcbernehmen wir keine Haftung f\u00fcr Sch\u00e4den, die durch diese Dateien evtl. an Ihrem System bspw. durch Manipulation entstehen. Sollten Sie im Zweifel sein, Bedenken haben oder Manipulationen feststellen, f\u00fchren Sie den Download nicht aus und benachrichtigen Sie uns umgehend.\r\n\r\nBesondere Nutzungsbedingungen\r\nSoweit besondere Bedingungen f\u00fcr einzelne Nutzungen dieser Website von den vorgenannten Punkten abweichen, wird an entsprechender Stelle ausdr\u00fccklich darauf hingewiesen. In diesem Falle gelten im jeweiligen Einzelfall die besonderen Nutzungsbedingungen.","_et_gb_content_width":"","footnotes":""},"class_list":["post-36","page","type-page","status-publish","hentry"],"_links":{"self":[{"href":"https:\/\/www.zav-rt-tue.de\/index.php?rest_route=\/wp\/v2\/pages\/36","targetHints":{"allow":["GET"]}}],"collection":[{"href":"https:\/\/www.zav-rt-tue.de\/index.php?rest_route=\/wp\/v2\/pages"}],"about":[{"href":"https:\/\/www.zav-rt-tue.de\/index.php?rest_route=\/wp\/v2\/types\/page"}],"author":[{"embeddable":true,"href":"https:\/\/www.zav-rt-tue.de\/index.php?rest_route=\/wp\/v2\/users\/3"}],"replies":[{"embeddable":true,"href":"https:\/\/www.zav-rt-tue.de\/index.php?rest_route=%2Fwp%2Fv2%2Fcomments&post=36"}],"version-history":[{"count":6,"href":"https:\/\/www.zav-rt-tue.de\/index.php?rest_route=\/wp\/v2\/pages\/36\/revisions"}],"predecessor-version":[{"id":3102,"href":"https:\/\/www.zav-rt-tue.de\/index.php?rest_route=\/wp\/v2\/pages\/36\/revisions\/3102"}],"wp:attachment":[{"href":"https:\/\/www.zav-rt-tue.de\/index.php?rest_route=%2Fwp%2Fv2%2Fmedia&parent=36"}],"curies":[{"name":"wp","href":"https:\/\/api.w.org\/{rel}","templated":true}]}}